 2*y - 3 = 0, -r + 2 = -3*r + 4*y. Suppose -2*c + r = -5. Suppose 3*d = 2*z - 254, 0 = 2*z + z + c*d - 351. Is z a composite number?
True
Let u be (-4)/14 - (-23)/7. Suppose -u*j = -j. Suppose 2*z - z - 23 = j. Is z prime?
True
Let u(t) = -t**3 + 4*t**2 + 2. Let p be u(4). Let c = 7 - p. Suppose -84 = w - c*w. Is w composite?
True
Let c(f) = 5*f - 3. Suppose -5 = -2*r + 3. Let g be 57/12 - (-1)/r. Is c(g) composite?
True
Let h be ((-156)/(-20))/((-3)/(-15)). Suppose 3*j - 5*l - 53 = 0, -2*j + h = 3*j + 4*l. Is j prime?
True
Let u be (3 - -2) + -1 + -1. Suppose -a - u*a = -44. Is a composite?
False
Let h(d) = 2 + 2*d - 7 + 1 + 9*d**3 - 3*d**2 + 3*d**3. Let j be h(3). Suppose 216 = 3*s - q, -4*s + 5*q = -0*q - j. Is s composite?
False
Let m = 2 - 5. Let x(h) = -2*h - 3. Let j be x(m). Suppose 0 = j*l - 4*k - 33, 2*k = -2 + 8. Is l prime?
False
Let q(a) be the first derivative of -39*a**2/2 + 4*a + 2. Let n = -13 - -10. Is q(n) a composite number?
True
Is (7 - 3) + (-2 - (-251 - 1)) prime?
False
Let l(h) = -h**3 - 6*h**2 + 8*h + 8. Let i be l(-7). Suppose -3*m + 5 = -i. Is (1/m)/(2/132) composite?
True
Let u(x) = x**3 - 10*x**2 - x - 9. Is u(12) a prime number?
False
Suppose 0 = -2*j + j - 5*f + 209, 2*f - 394 = -2*j. Suppose -j = -g - g + 4*r, -4*g - 2*r = -388. Is g prime?
True
Let q = -33 + 57. Suppose 25*j = q*j + 58. Is j composite?
True
Let v(b) = 9*b**2 - 6*b + 25. Is v(8) a composite number?
True
Suppose -3*g - 2*g = -6065. Is g a composite number?
False
Suppose -5*u = 2*n - 10313, u + 2*n + 2*n - 2059 = 0. Is u a composite number?
False
Let a(t) = -t + 6. Let l be a(8). Let y be (2 + 0)/(l/4). Is (-2 - y)*801/6 a prime number?
False
Suppose 64 = -4*r + 3*c - 580, 0 = 4*r - 5*c + 636. Let f be 3/12 - r/(-16). Is (-2640)/(-25) - 4/f a composite number?
True
Let d = -414 - -591. Is d prime?
False
Let k(m) = -2*m**3 - m**2 + 4*m + 6. Is k(-5) a composite number?
False
Suppose 4*y = -2*d + 18, 3*y + 2*d + d = 9. Is 1*231/y*2 composite?
True
Let l(n) = n**3 + 5*n**2 + 2*n - 2. Let u = 2 + -5. Let s be l(u). Is (42/(-10))/((-2)/s) prime?
False
Suppose 0 = -5*p + 4*b + 170, 0 = -3*p - 3*b + 29 + 46. Is 680/p + 2/6 composite?
False
Let d(j) = 72*j - 13. Is d(10) prime?
False
Suppose w - 2 = c + 1, 4 = -4*c. Suppose -w*b - 92 = -246. Is b composite?
True
Let m = -139 - -360. Is m prime?
False
Let n(g) = -g**3 + 6*g**2 + 2*g - 9. Let h be n(6). Suppose 0 = -h*k + k + 66. Is k composite?
True
Suppose -a = a - 2*m - 76, 2*a - 5*m = 61. Let o = 48 + a. Is o composite?
True
Let q = 144 - 79. Suppose q - 15 = -5*d. Let k = d + 17. Is k composite?
False
Suppose 544 = -4*o + 5*h - 4*h, -4*o - 544 = -4*h. Let m = o - -205. Is m prime?
False
Suppose -l + 0*l - 7 = 4*q, 5 = 3*l - q. Is 11 + l + 8/(-4) a prime number?
False
Let l = 28 - -369. Is l a composite number?
False
Suppose 0 = -2*u + 1 + 7. Suppose -u*n + 0*n = 0. Suppose n = 5*x - 279 - 56. Is x a prime number?
True
Suppose -5*t + 3*s = -25, 3*t + 4*s - 60 = -2*t. Let v(u) = -1 + 5*u - u + t*u**2 - 2. Is v(2) a composite number?
False
Let a(m) = 3*m**3 - 2*m**2 - 9*m - 6. Is a(4) a prime number?
False
Suppose -2*o + 0*o = -26. Suppose -3*g = -o - 17. Is g composite?
True
Let h = 1567 + -102. Is h a prime number?
False
Suppose -3*o = -5*o + 2. Let v = -1 - o. Is (-502)/(-4) + (-3)/v composite?
False
Let g be 2*89 + 2 + 0. Suppose 3*d - 3*v - 268 = -2*v, -2*d + 2*v + g = 0. Suppose -d = -3*o + 190. Is o composite?
True
Suppose -j + 3*j - 392 = 0. Suppose 3*l - 2*l = j. Suppose -5*h + 230 + 43 = 4*x, -3*x + 5*h + l = 0. Is x a prime number?
True
Let h be 39/15 - 8/(-20). Suppose -74 = -h*m + 235. Let p = m + -41. Is p a composite number?
True
Is ((-87)/(-4))/((-42)/(-112)) composite?
True
Suppose 2*s = s + 2. Suppose -s*t + 302 = -992. Is t composite?
False
Let c(y) = y + 148. Let h be c(0). Suppose -38 = -3*v + h. Is v a composite number?
True
Let h = -115 - -372. Is h prime?
True
Suppose 0 = 2*g - 4*w - 2266, 4*w = -3*g + 4*g - 1127. Is g prime?
False
Let x = 117 - 46. Is x prime?
True
Let i = 261 + -150. Suppose -2*s - y = -i, 4*s - 2*y - 204 = 2*y. Let l = 93 - s. Is l composite?
True
Let y = 149 - 10. Suppose -q + 4*t + y = 0, -q = -0*t - 5*t - 142. Is q a prime number?
True
Let k be 3*(0 + 3/3). Suppose -2*w - 628 = 3*l - k*w, -4*l - 832 = -4*w. Is -3*(l/9 + -3) a prime number?
True
Suppose 3*c + 10 = 2*o + 3*o, -c - 4 = -2*o. Let f be 1*(c/(-3) - -11). Suppose -3*u = -f - 7. Is u a composite number?
True
Suppose -3*m - m = -376. Is m a composite number?
True
Let n be (15/(-12))/(3/12). Let g(v) = 2*v**2 + 6*v + 1. Is g(n) a prime number?
False
Is (-3*307)/(4 + -5) prime?
False
Let p be ((-225)/27)/((-2)/102). Suppose v + 0*v - 151 = -2*c, 3*v - c - p = 0. Is v composite?
True
Let x(r) = -3*r**3 + 2*r**2 + 5*r**3 + 9*r - r**3 - 2. Let h be x(6). Suppose 3*v - h = -v. Is v a composite number?
True
Suppose 0 = 3*t - 234 - 1509. Is t prime?
False
Let k = -33 + 18. Let l(a) = -a**2 - 18*a + 4. Is l(k) composite?
True
Suppose 0 = 10*t - 17*t + 2023. Is t a prime number?
False
Let t(h) = -h + 5. Let g be t(3). Let v be (3/9*0)/g. Suppose 0 = -v*x + 4*x - 476. Is x prime?
False
Let n = -1 + 1. Suppose n = 5*g + 5*r - 730, -2*g + 3*r = 3*g - 690. Suppose 0 = 3*j - 252 - g. Is j prime?
True
Let z(h) be the first derivative of 3*h**3 + 2*h**2 + 3*h + 1. Is z(4) composite?
False
Let k = 62 - -10. Is 4/(-18) - (-5344)/k prime?
False
Let w(o) be the third derivative of -o**7/840 - o**6/60 + o**5/15 + 3*o**4/8 + o**3/6 + o**2. Let r(q) be the first derivative of w(q). Is r(-7) prime?
True
Let b(g) = -g**3 + g**2 + 161. Let j be 4/(-10) + 54/10. Let y(t) = -t**3 + 5*t**2. Let k be y(j). Is b(k) composite?
True
Suppose -5*c + 3*u = -u + 13, 4*u - 8 = 0. Let h be ((-2)/4)/(c/2). Let g = h - -10. Is g a prime number?
True
Let z = -3698 - -6325. Is z prime?
False
Is 119375/45 + 2*3/27 composite?
True
Let u(x) = 4*x**2 - 4*x - 1. Is u(-5) a prime number?
False
Suppose 5*x + 2492 = -0*c + 4*c, -3*x = -4*c + 2492. Is c composite?
True
Let s(x) = 264*x**3 - x**2. Let b be s(1). Suppose 5*j - 3 = -13, 2*z = -4*j - 8. Suppose 3*k - 2*f - b = z, -7*k - 2*f + 449 = -2*k. Is k a composite number?
False
Let m = 13 - 8. Suppose -4*f = -2 - 10, m*d + f = 728. Is d a composite number?
True
Let x = -4016 + 5673. Is x a prime number?
True
Let w(t) = 5*t**2 - 8*t - 3. Let r be w(-5). Suppose 0 = 3*f - 5*l + r, 5*f - l = -105 - 165. Is (-1878)/f - (-2)/9 a composite number?
True
Suppose j = 4*z + 6*j - 10, 0 = 5*z + 2*j - 4. Suppose z = 3*k - 5*k + 164. Is k a composite number?
True
Let s(i) = -i - 1. Let f(r) = -81*r + 4. Let y = -4 - -5. Let z(x) = y*f(x) + 2*s(x). Is z(-3) composite?
False
Let v be -1 + (7 - -1 - 3). Let h(r) = 6*r - 3. Is h(v) prime?
False
Let u = 8 + -6. Let w be -1 + u*(-15)/(-6). Suppose -4*z = 12, w*z + 239 = 5*f + z. Is f composite?
True
Let r(j) = -15*j**3 + j**2 + j - 1. Let a be r(1). Let u(q) = q**2 + 2*q - 10. Let s be u(-5). Is 20/s*a/(-4) composite?
True
Suppose -5 = 5*p - a - 0, 3*a = -5*p + 15. Suppose p = -2*w + 6*w - 36. Suppose -3*v - 3*f = -w, -2*f + 6*f - 6 = -2*v. Is v a prime number?
True
Let y(s) = s**2 - 7*s - 10. Let h be y(9). Suppose 25 = 7*i - 2*i. Suppose -i*t = 2*v - 168, -3*t + 277 = 3*v - h*t. Is v composite?
False
Let z = 6 + -3. Suppose j - 2 = -j, -47 = 5*s + z*j. Let w = s - -23. Is w a prime number?
True
Is (-5 - (-2164 - -5)) + -1 a composite number?
False
Suppose -2765 = -4*s + 1983. Is s a prime number?
True
Let y = -44 + 381. Is y prime?
True
Let u(t) = 2*t**2 + 4*t - 11. Is u(8) composite?
False
Suppose 6*m - m = 10. Is 0*m/4 - -59 a prime number?
True
Let j = -4 + 4. Suppose 5*p = -j*p. Suppose p = 3*o - 22 - 20. Is o a prime number?
False
Let d(x) = 202*x - 1. Is d(5) composite?
False
Let a(s) be the second derivative of s**4/12 + 5*s**3/6 - 2*s**2 + s. Let r be a(-6). Suppose -r*u + 7*u = 3*o + 197, u - 29 = -2*o. Is u a composite number?
False
Let c(r) = -33*r**2 + r + 1. Let n(f) = -34*f**2 + 2*f + 1. Let g(q) = -4*c(q) + 3*n(q). Is g(1) prime?
True
Let c(p) = p**3 + 7*p**2 + 2*p - 7. Let n(u) = -4*u**3 - 22*u**2 - 7*u + 22. Let l(x) = 7*c(x) + 2*n(x). Let o = 4 + 0. Is l(o) a prime number?
True
Let x = 9 - 2. Suppose -x + 19 = -t. Let b = 23 + t. Is b a prime n